(623 + -664).
50
What is 531 + -522 + (11 - 1) - 88?
-69
What is the value of -13 + (3 - 6) - (110 + -88)?
-38
Evaluate 10 + (-82 - -36) - -7 - -33.
4
What is the value of -17 + 93 + (2 - -1) + -2 + 81 + -75?
83
What is 16 - 4 - (-864 + 863)?
13
Calculate (-1 + -1 - (-641 + 615)) + -21.
3
Calculate -1 - 1 - 8 - ((-5 - (-6 + -9)) + -73).
53
Calculate (-25 - 0) + -618 + 677.
34
-67 - ((-27 - -4) + (-119 - -116))
-41
Calculate 3 + -2 + -17 + 16 - -76 - (-4 - 1).
81
What is -9 + 4 + 2 + -4 + 24 + 5?
22
What is the value of -24 - -80 - (41 - -2)?
13
Calculate 19 + -78 + 29 + 68.
38
Evaluate ((6 - -2) + 2 - -3) + (-1770 - -1763).
6
Calculate -9 + (-4 + 33 - (3 + -6 + (6 - 9))).
26
What is -125 + 123 + (6 - 37)?
-33
What is (14 - -1) + 1 + (-53 - (-39 + -102))?
104
Evaluate 37 - (10 + (-13 - -23 - 17)).
34
Calculate -3 - (7 - ((7 - -17) + -17)).
-3
-99 - (97 - (350 - 64))
90
Calculate ((-1 - 9) + (-13 - -15) - (89 + -23)) + 0.
-74
Evaluate 13 + -64 - (4 + -1 - (238 - 249)).
-65
What is the value of -4 + (18 - 15) + -1 + -5 + 1 + 58?
52
Calculate 0 + -37 - (49 - 18 - 13 - -2 - 7).
-50
Evaluate (-6 - 0 - 1 - (-92 - -104)) + 2.
-17
Evaluate (-9 - -40) + -277 + 157.
-89
What is ((58 - -1) + 3 - (-7 - -36 - 35)) + -3?
65
-406 + 386 + (-2 - -3 - -6) + 55
42
Evaluate 26 + 26 + -32 + -10 - 7.
3
What is the value of -4 - -149 - (-928 + 1182)?
-109
What is the value of 60 + (-75 - (46 + -92))?
31
What is (1 - 10 - (46 + -29 - (-5 + 31))) + 46?
46
What is -1 - (-1 - (-3 - -7)) - (-55 - -57)?
2
What is the value of 105 + 7 + ((11 - 14) + 4 - 25)?
88
What is 59 - (49 - 7) - (37 - -9)?
-29
Evaluate -22 + (-2 - (-15 - (6 + -8))) - -46.
35
Calculate (3 - (-48 + 0)) + (90 + -94 - -21).
68
Calculate 4 - (0 - 5 - (-167 + 160) - -50).
-48
58 - (50 + -36 + 18)
26
Evaluate 70 - (48 - (-18 - (-57 - -15))).
46
Calculate -2 - (0 - 0 - (20 + (-72 - -39))).
-15
What is 40 - (-25 + -32 + (-6 - -50))?
53
-1052 - -1291 - (4 + 125)
110
What is (-10 - (-34 - -5) - 20) + -13?
-14
Evaluate 26 - (-9 + 9 + (5 - -5) - 15).
31
Calculate 2 + 1 + (-419 - -411) + (-56 - 1) + 0.
-62
What is -38 - (65 + -142 + 36)?
3
Evaluate -5 + 27 + -21 + (3 - (-6 - -2)).
8
What is (-1242 - -1253) + -6 + -3 + 2 - (8 + -1)?
-3
What is the value of -50 - (-23 - (3 + 36))?
12
What is (17 + -5 + (-17 - 4) - 3) + 14?
2
What is the value of -47 + 3 + (57 - 16)?
-3
Evaluate (1 - -21 - (-35 - -51)) + (1 - 1).
6
Calculate 41 + (-491 - -492 - (3 + (4 - 1) + 6)).
30
1 + (-51 - 10) + 38
-22
Evaluate -9 + (-8 - (-6 - (66 + -1 + 5))) + 9.
68
What is the value of 19 + -21 + (22 - 42)?
-22
Evaluate ((-3 - 0) + -9 + 22 - (2 + 12)) + 52.
48
What is the value of (1113 - 1113) + 1 + 8?
9
(-11 - 2) + 22 - -1
10
Evaluate 19 + (-62 - (70 + -69)) + 18 + -1.
-27
Evaluate -9 + -59 + -2 + (-62 - -67) - -18.
-47
What is the value of 2 - ((-2 - -10) + -3) - (45 + 15 - 8)?
-55
What is (-3 - (-1 - 0)) + (13 + 12 - -35) - 4?
54
What is the value of 1 + 1 + 13 - (88 - 52 - 44)?
23
27 + (-19 - 14) + 16 + -60
-50
-155 + -42 + (51 - -47)
-99
(-8 - (-4 - -24)) + 25
-3
Evaluate (-55 - -109 - -42) + (-29 - 0).
67
What is the value of (-1 - 29) + -6 + -7?
-43
What is 7 + 30 + -52 + 19?
4
What is (-2 - (1 + (-31 - 1) - (2619 - 2620))) + -2?
26
Evaluate 5 - (31 - (37 - -37)).
48
29 + -78 + -7 + -18 - 13
-87
What is -12115 - -12081 - (2 + (33 - -1))?
-70
Evaluate (-9 - (-11 + 4)) + 7 + -10 - (4 + -75).
66
Evaluate -95 - -10 - -78 - (1 + -14).
6
Calculate -61 + 44 + 11 + 12.
6
Calculate 84 + -105 - (-8 - 1) - (-64 + 3 - 16).
65
What is the value of -64 - 4 - (-43 - -29)?
-54
Evaluate 14 - (11 + -28 + -18).
49
Evaluate -571 + 551 + (6 + -1 + -6 - -29).
8
What is the value of -11 + (28 + -5 - 6) + -13 - -33?
26
Calculate 4 + -1 - ((136 - 142) + (7 - (7 + -27))).
-18
Calculate 145 + -149 - (2 - (47 - 4)).
37
Evaluate 41 - (2 - (-9 - -2 - (13 + -4 + -16))).
39
Calculate (12 - (6 - 1) - 19) + -4 + (14 - 13).
-15
What is 42 - (6 + (8 - 16 - 2) + -11)?
57
(7503 - 7477) + (-1 - -9)
34
Calculate -27 - (6 + (147 + -149 - (5 - 0))).
-26
What is the value of (14 + -18 - 52 - 17) + (-9 - 0) + 1?
-81
-24 + (-73 - -2) - (2 + -4 - 16)
-77
Calculate (255 - 246) + (-10 + 9 - (-1 - (-1 - -26))).
34
Calculate 3 - 55 - (-39 - -23).
-36
What is (34 - 144 - -183) + 57?
130
-185 - -232 - (12 - -45)
-10
Evaluate -1 - 59 - (-2570 + 2542).
-32
2168 - 2303 - (-52 + -1)
-82
-7 + -88 - (12 - (-3 - -20))
-90
Evaluate -30 + (-14 - -9) + (-23 - -17) + 15 + -1.
-27
What is the value of -58 + (-7 - (-21 + -65 + 60 + 8 + 1))?
-48
-7 + 85 + (-7 - -1) + -110 + 97
59
Calculate 120 - ((213 - 66) + -67).
40
What is -4 + 27 + 3 - (-2139 - -2159)?
6
Evaluate (84 - 90) + 55 - 101.
-52
(-98 - 109) + 74 + 209
76
Calculate 8 - -1 - (81 + -84 + (3 - 6 - 32)).
47
-62 - -91 - (36 + 15 - 3)
-19
-1 + -73 + 18 + -12 + (26 - (-21 + 35))
-56
What is -1 - -7 - ((-5 - 4) + 16 - (64 - 22))?
41
Evaluate -5 - (-7 + 9 + -58) - ((-21 - -6) + 10).
56
What is the value of -10 - (7 - 7 - (9 + -6 - (15 + -8)))?
-14
What is 9 - -1 - (-10 - -7 - (5 - -22))?
40
What is the value of 44 - (-6 + 9) - 87?
-46
8 - (7 + -2 + (-2 + -35 - (46 - 36)))
50
Calculate (5 + -83 - 8 - (-25 + 18)) + -14.
-93
What is the value of 54 - (63 + -33 + 11)?
13
-6 + 13 + -16 + 13 - (3 - (3 + 60))
64
What is -73 - (-25 - (32 - 24 - 11))?
-51
Evaluate -10 + (6 - -4) + -27 + 24 + -8 - 51.
-62
Calculate (2 - 47) + 19 + 136 + -93.
17
What is -5 - (-5 + 13 + -9) - 16 - -11?
-9
(-143 - -40 - -23) + 8
-72
Calculate 8 - -24 - ((-19 - -23) + -57).
85
What is the value of (50 - 4) + -3 + 1 - (-46 - -111 - 61)?
40
Evaluate 8 + (11 - -1) + 123 + -114.
29
Calculate 122 + -100 + -19 - (2 - (-1 + 1) - -1).
0
Calculate 6 + 28 + 2118 + -2140 + 10 + 1 + -1.
22
Evaluate 201 + -166 + 33 - 89.
-21
Evaluate (9 - -1) + 5 - (-4 + (-8 - -4) + 11).
12
Calculate -12 + 22 + -6 + 7 - 30.
-19
62 + 21 + -37 - (3 + -1 + -11 + 3)
52
What is (-164 - -13) + (-13 - -6) - -27?
-131
Evaluate (42 - 0) + 60 + (-390 - -333).
45
Evaluate -12 + 1 + (3 - (-31 - -29)).
-6
What is the value of 19 + (-203 + 212 - (29 - 1))?
0
What is the value of 37 - (6 + 39) - (16 - -3)?
-27
Calculate 8 + 9 + -3 + -21 + 19.
12
What is the value of 25 + -5 - ((15 - 8) + 9)?
4
20 + (-59 - -14) + 31
6
What is the value of (-203 - -272) + (-7 - -7) + -11?
58
What is 1 + 89 + ((14 - (-1 + -7)) + -22 - 9)?
81
What is 11 + ((10 - (37 + -19)) + 1 + -2 - 67)?
-65
What is 57 + -193 + 46 + (1 - -2)?
-87
77 + (-9 + -7 + 13 - -9 - 8)
75
What is -96 - -170 - (9 + 34)?
31
Calculate (6 - 72 - (-9 + -8 + 6)) + 7.
-48
Evaluate 11 - ((2 - -10) + (62 - 53 - (-1 + 8))).
-3
What is 5 - 3 - (56 + (-5 - 3))?
-46
Calculate (56 - 116 - -66) + -60.
-54
Evaluate 3048 + -3061 - (2 + -1 - 2).
-12
Calculate 6 - (18 - (11 - -2) - 33).
34
-18 + (57 - 25 - -29)
43
Calculate 11 + 1 - (28 + -29 + 25) - 27.
-39
What is (20 - 5) + (15 + -19 - 3) - (0 + 42)?
-34
What is 42 - ((-18 - -60) + -4)?
4
What is the value of 14 - (-22 - 11 - -24 - (-7 + (1 - 1)))?
16
What is (-7 - (49 - (17 - -19))) + (16 - 1)?
-5
Calculate (-52 - 1) + 992 + -977.
-38
Evaluate -48 - (7 - (154 - 50)).
49
Calculate 0 + 4 + (2 - -10) + -8 - (15 + -20).
13
Evaluate 42 + 0 + (130 - 409) + 157.
-80
-49 + -1 + (19 + 2 - 44) + 21
-52
What is the value of (65 - (94 - -28)) + 110?
53
What is the value of (64 - 25 - -2 - 14) + -84?
-57
Calculate 11 + (-9 - (-21 + 5)) + -1 + -13.
4
Calculate -6 + (-128 - -194) + -166.
-106
4 + (-30 - -1) + (-137 - -146)
-16
What is 11 - (8 - 2 - 3) - ((-4 - -16) + 13)?
-17
Calculate -51 + (-42 - -74 - -56).
37
Calculate (-54 - -2 - 1) + 2 - (23 + -46 - -25).
-53
Calculate -4 - (-11 + -5 + 4 + -53 + 67).
-6
What is the value of -13 + 92 + (10 - 30) + 12 + -15 + 11?
67
Calculate 247 + -232 + 0 + -66 + (-19 - -14).
-56
What is 24 + -36 - -90 - -7 - (-2 + -5)?
92
Evaluate (-37 + -28 - -43) + 160.
138
(-159 - -20) + (182 - 9)
34
Calculate 6 + -8 + -2 + (-540 - -614).
70
What is -4 + 7 + 11 + (444 - 519)?
-61
What is (-11 + -5 - -7) + (23 - 0) + 1 + 3?
18
20 - 0 - (24 - 16) - -5
17
What is the value of 10 + (1 + 10 - (-137 - -211))?
-53
Evaluate 23 + (-86 - -14) + 24.
-25
126 + 2 - (-5871 - -5933)
66
What is -28 + (22 - -28) + 13 - (-2 + -2)?
39
Calculate 73 - (-50 + 38 + 80).
5
Calculate -55 + (-3 + (6 - -6) + -4 - 13 - -14).
-49
Evaluate (4 +